p(-11).
-57
Let o(i) = -i**3 + 11*i**2 + 4*i - 10. Determine o(11).
34
Let f(r) = -2*r**2 - 15*r + 13. Give f(-11).
-64
Let w(p) = -p**2 - p + 58. Determine w(6).
16
Let s(c) = -c**3 - 29*c**2 - 51*c + 80. Calculate s(-27).
-1
Let g(z) = -z**3 + 14*z**2 + 4. What is g(14)?
4
Let z(s) = s**3 + 6*s**2 + 4*s - 10. Give z(-5).
-5
Let n(z) = z**2 - 6*z - 1. Give n(7).
6
Let h(v) = -v**3 + 8*v**2 - 11*v - 7. Calculate h(6).
-1
Let p(u) = u**2 - 12*u - 4. Calculate p(13).
9
Let r(q) = -2*q**2 + 19*q - 21. What is r(7)?
14
Let s(l) = -2*l**3 + 23*l**2 + 11*l + 9. What is s(12)?
-3
Let x(k) = 7*k + 3. What is x(0)?
3
Let q(y) = -y**3 - 2*y**2 + 13*y + 19. Calculate q(-3).
-11
Let a(f) = -f**2 - 10*f - 16. What is a(-9)?
-7
Let d(h) = -10*h + 10. Determine d(-7).
80
Let d(h) = -h**3 + h**2 + 2*h - 8. Determine d(0).
-8
Let z(v) = -4*v**2 + 108*v - 102. Calculate z(26).
2
Let z(p) = p**3 - 7*p**2 + 3*p + 7. Give z(6).
-11
Let d(c) = c**3 + 7*c**2 - 3*c + 45. Give d(-8).
5
Let a(p) = -p**2 + 15*p + 3. Calculate a(12).
39
Let o(g) = 7*g**2 - 2*g - 36. What is o(0)?
-36
Let v(w) = -5*w**3 - 2*w**2 + w + 1. Determine v(1).
-5
Let f(x) = -x**3 + 10*x**2 - 6*x + 40. Give f(10).
-20
Let q(z) = -18*z + 413. What is q(23)?
-1
Let b(o) = -o**3 - 7*o**2 + 9*o - 2. Give b(-8).
-10
Let i(z) = 3*z. Determine i(4).
12
Let u(a) = -a**2 + 14*a - 40. Calculate u(11).
-7
Let j(x) = 12*x**2 + 27*x + 5. What is j(-2)?
-1
Let r(l) = l**2. Give r(-2).
4
Let p(q) = q**3 - 5*q**2 + 3*q - 7. Give p(5).
8
Let y(k) = k**2 - 10*k + 1. What is y(13)?
40
Let s(c) = c**3 - 9*c**2 + 9*c. What is s(8)?
8
Let w(x) = 2*x**3 + 15*x**2 - 6*x + 9. Determine w(-8).
-7
Let z(p) = p**2 - 29*p + 181. What is z(18)?
-17
Let r(y) = 15*y + 688. Give r(-46).
-2
Let w(d) = -12*d - 144. Determine w(-16).
48
Let q(z) = 8*z**2 + 28*z + 3. Give q(-3).
-9
Let v(h) = 5*h - 7. Calculate v(3).
8
Let m(h) = 11*h - 5. Calculate m(5).
50
Let t(g) = -3*g**2 + 10*g. What is t(4)?
-8
Let c(p) = -p**3 + 16*p**2 - 39*p + 1. Determine c(13).
1
Let p(s) = s**2 + 13*s - 13. Determine p(-14).
1
Let b(z) = z**3 + 19*z**2 - 18*z. Give b(-20).
-40
Let m(i) = i**3 + 5*i**2 + i - 2. Determine m(-5).
-7
Let c(m) = -m**2 - m + 1. Calculate c(-6).
-29
Let f(l) = -11*l + 88. Calculate f(8).
0
Let k(y) = y**3 + 3*y**2 - 24*y + 5. What is k(-6)?
41
Let s(i) = -i**3 + 5*i**2 + 19*i - 25. Give s(7).
10
Let i(s) = 15*s**2 - 5*s + 6. Give i(1).
16
Let l(z) = -z**2 - 6*z + 2. Give l(-4).
10
Let l(g) = g - 44. What is l(-9)?
-53
Let l(h) = 34*h**3 - h**2 - h + 1. Give l(1).
33
Let m(c) = -c - 14. Determine m(-16).
2
Let z(n) = -2*n**3 + n**2 + 2*n + 1. Determine z(-1).
2
Let j(t) = 7*t + 8. What is j(6)?
50
Let h(n) = -2*n**3 - 6*n**2 + 2*n + 8. What is h(-4)?
32
Let a(i) = i**3 + 43*i**2 - 46*i - 67. Calculate a(-44).
21
Let u(c) = -6*c - 50. What is u(-9)?
4
Let o(s) = -41*s - 464. What is o(-11)?
-13
Let u(i) = 2*i + 4. Calculate u(2).
8
Let l(w) = -66*w. What is l(2)?
-132
Let k(w) = w**2 + 39*w + 328. Calculate k(-13).
-10
Let f(y) = y - 25. Calculate f(10).
-15
Let v(b) = 2*b**3 - b**2 - 3*b - 2. Calculate v(2).
4
Let q(p) = p - 1. Calculate q(-3).
-4
Let f(h) = h**3 - 5*h**2 - h - 4. Calculate f(4).
-24
Let o(c) = -c**2 - 10*c + 28. Give o(-11).
17
Let l(j) = -j**3 + 11*j**2 + j. Determine l(11).
11
Let g(p) = -2*p**3 + 2*p - 1. Calculate g(1).
-1
Let s(a) = a**2 - 3*a - 47. Give s(8).
-7
Let x(b) = -b**3 + 29*b**2 + 4*b - 28. What is x(29)?
88
Let m(j) = -15*j + 190. Calculate m(12).
10
Let z(n) = -2*n**3 - 18*n**2 - 13*n + 17. Determine z(-8).
-7
Let a(i) = i**3 + 7*i**2 + 2*i - 6. What is a(-5)?
34
Let r(w) = 21*w + 609. Give r(-29).
0
Let i(z) = -3*z - 46. Determine i(-8).
-22
Let g(w) = -5*w - 17. What is g(-2)?
-7
Let a(i) = -i + 4. What is a(-9)?
13
Let d(b) = b**3 - 8*b**2 + 20*b - 7. Determine d(4).
9
Let f(q) = q - 3. Determine f(-6).
-9
Let o(v) = -v**2 + 13*v - 17. Determine o(7).
25
Let o(c) = c**2 + 18*c + 81. Give o(-7).
4
Let i(a) = -a**2 + 7*a + 8. Calculate i(9).
-10
Let k(n) = n**3 + 12*n**2 - 11*n + 28. Determine k(-13).
2
Let o(d) = d**3 - 5*d**2 + 2*d - 2. Determine o(5).
8
Let w(z) = z**3 - 5*z**2 - 6. Give w(5).
-6
Let s(h) = -h**2 - 13*h + 2. Give s(-11).
24
Let r(x) = -x**3 - 13*x**2 - 14*x - 17. Calculate r(-12).
7
Let p(b) = 5*b**2 - 7*b - 2. What is p(3)?
22
Let f(g) = -g**3 - 4*g**2 + 7*g - 6. Calculate f(-5).
-16
Let q(s) = s**2 + 14*s + 31. Determine q(-11).
-2
Let k(s) = 2*s**2 - 9*s - 4. What is k(-4)?
64
Let j(f) = -f**2 - 1. Give j(1).
-2
Let l(h) = 2*h - 10. Determine l(3).
-4
Let m(v) = -v + 15. Calculate m(3).
12
Let i(j) = j**2 - 27*j + 90. Determine i(24).
18
Let o(i) = i**2 + 17*i + 16. Determine o(-13).
-36
Let j(r) = r**3 - 17*r**2 + 14*r + 27. What is j(16)?
-5
Let y(h) = 3*h - 13. What is y(9)?
14
Let p(o) = 2*o**2 - 11*o - 1. Determine p(5).
-6
Let h(n) = -2*n**2 + 5*n - 4. Give h(2).
-2
Let f(z) = 3*z**3 + 2*z**2 + 2*z - 2. Determine f(2).
34
Let o(k) = 2*k - 1. Calculate o(6).
11
Let y(k) = -k**2 - 9*k - 18. Determine y(-8).
-10
Let n(b) = -b + 8. Give n(-2).
10
Let l(c) = -c**3 + 2*c**2 + 41. What is l(0)?
41
Let c(w) = w**3 - 10*w**2 - 9*w + 4. What is c(11)?
26
Let i(f) = -f**3 + 5*f**2 - f - 2. Determine i(3).
13
Let y(r) = r**3 + 16*r**2 + 15*r - 26. Determine y(-15).
-26
Let m(p) = -3*p - 62. What is m(-18)?
-8
Let i(n) = 4*n**2 - 9*n + 3. Calculate i(4).
31
Let v(t) = -8*t - 195. Give v(-25).
5
Let b(r) = 2*r**2 + 2*r. Determine b(3).
24
Let u(g) = g**2 - 28*g - 31. What is u(30)?
29
Let x(j) = -388*j + 2327. What is x(6)?
-1
Let r(x) = -x + 3. What is r(0)?
3
Let q(g) = -g**2 - 12*g - 6. Determine q(-7).
29
Let b(y) = 4*y**2 - 14*y - 28. Give b(-2).
16
Let h(c) = -c**2 - 235*c - 919. Give h(-4).
5
Let g(o) = o**2 - 11*o - 14. Give g(12).
-2
Let y(z) = -z**3 + 5*z**2 + 7*z + 4. Determine y(7).
-45
Let j(y) = -3*y**2 - 66*y + 6. Give j(-22).
6
Let b(q) = 3*q - 3. What is b(3)?
6
Let g(t) = 96*t - 31. Determine g(2).
161
Let r(n) = -2*n - 16. Determine r(-5).
-6
Let s(b) = -3*b**3 - b**2 - b + 2. Give s(2).
-28
Let m(h) = -2*h**2 - 60*h + 67. Give m(-31).
5
Let w(t) = -t**2 - 25*t + 49. Calculate w(-27).
-5
Let h(a) = -a - 40. Determine h(-19).
-21
Let r(i) = i**3 - 22*i**2 + 20*i + 12. Determine r(21).
-9
Let c(r) = 9*r - 20. Give c(10).
70
Let s(b) = 2*b**2 - 4*b - 5. Give s(-2).
11
Let v(s) = -s**3 - 16*s**2 - 3. Calculate v(-16).
-3
Let y(v) = v**2 - 25*v - 28. Give y(26).
-2
Let m(o) = -62*o - 617. Calculate m(-10).
3
Let f(y) = -3*y**2 - 27*y + 11. Determine f(-9).
11
Let y(a) = 2*a**2 + a - 6. Give y(6).
72
Let s(x) = -163*x - 1145. Calculate s(-7).
-4
Let f(q) = q**3 - 9*q**2 + 4*q - 11. Calculate f(9).
25
Let h(a) = a**2 + 15*a + 18. Determine h(-13).
-8
Let p(n) = -2*n**2 - n + 13. What is p(-3)?
-2
Let y(c) = -5*c + 5. Give y(-5).
30
Let x(z) = -z**2 - 11*z + 31. Determine x(-14).
-11
Let x(v) = 39*v**3 + 2*v**2 - 1. What is x(1)?
40
Let h(a) = 5*a**2 + 39*a + 48. Give h(-6).
-6
Let n(d) = 33*d**3 + 42*d**2 - d. Give n(-1).
10
Let p(v) = v**3 - 3*v**2 - 20*v - 1. Give p(-3).
5
Let x(w) = 18*w - 5. What is x(3)?
49
Let v(y) = -13*y**2 + 6*y + 7. What is v(-1)?
-12
Let g(b) = b**3 - 8*b**2 + 10*b - 3. What is g(4)?
-27
Let u(q) = -11*q**2 - 32*q - 2. Determine u(-2).
18
Let o(n) = 5*n - 7. Give o(6).
23
Let v(k) = -k - 18. Give v(-14).
-4
Let m(c) = 2*c**2 - 11*c - 1. Calculate m(8).
39
Let t(d) = -13*d - 5. Determine t(6).
-83
Let c(k) = 4*k**3 - k**2 - 2*k + 3. Determine c(1).
4
Let l(s) = -10*s + 5. Calculate l(6).
-55
Let k(b) = -23*b**3 - b**2 - b. Give k(-1).
23
Let d(i) = -i**3 + 6*i**2 + 4*i + 24. Give d(7).
3
Let s(n) = n**3 - 3*n**2 - 7*n + 8. Determine s(4).
-4
Let s(g) = -2*g - 48. What is s(-14)?
-20
Let l(g) = 5*g + 80. Give l(-15).
5
Let k(h) = -12*h - 1. Determine k(-4).
47
Let s(f) = f**3 - 12*f**2 + 19*f + 5. What is s(10)?
-5
Let b(v) = -5*v + 6. Calculate b(5).
-19
Let y(g) = g + 2. What is y(-2)?
0
Let n(l) = 2*l**2 + 14*l - 36. Determine n(-8).
-20
Let t(a) = -a**3 + 10*a**2 - 3*a - 10. Determine t(10).
-40
Let h(c) = -2*c**3 - 19*c**2 - 13*c - 22. Give h(-9).
14
Let l(x) = -x + 12. What is l(7)?
5
Let c(r) = r**3 - 9*r**2 + 8*r + 6. Determine c(7).
-36
Let x(v) = 10*v - 4. Determine x(2).
16
Let u(n) = -11*n + 5. What is u(4)?
-39
Let v(k) =